inder when l(5) is divided by ((-3 + 4)*14)/2 + 4.
8
Suppose -45*y + 5*k - 1078 = -49*y, -2*y = -k - 532. What is the remainder when 274 is divided by y?
7
Suppose 0 = 2*s + 5*d - 29, -50 = -3*s + 20*d - 21*d. Suppose x + 129 = h, -4*h - 5*x = -514 - 38. Calculate the remainder when h is divided by s.
14
Suppose -5*d = -5*i + 2*i + 10, -3*i - d = 2. Suppose i = p - 158 + 39. Calculate the remainder when p is divided by 12.
11
Let d = 133 + -83. What is the remainder when d is divided by 26/3*(-8 - (5 - 16))?
24
Calculate the remainder when -130*(-35)/10 + 2 is divided by 51.
49
Suppose -3*c = 4*m + 46, m = -c + 4*m - 24. Suppose -3*y - 92 = -2*g - 5*y, -g = 5*y - 50. Let s = c + g. Calculate the remainder when 78 is divided by s.
24
Let g = 187 - 157. What is the remainder when 81 is divided by g?
21
Let f = 24 + 0. Calculate the remainder when 41 is divided by 1 + 14/(-8) - (-522)/f.
20
Let c be 6/8 - 3375/(-108). Calculate the remainder when 46 is divided by (-2 - -1)/((-4)/c).
6
Suppose 4*c - q = 312, 11*c + 3*q = 6*c + 373. Suppose -104 = -4*s - 0*s. Calculate the remainder when c is divided by s.
25
Let t be -7 + (6 - 2 - 6). Calculate the remainder when 43 is divided by (t/2)/(10/(-20)).
7
Let d(t) = t**2 + 3 + 6 + t**2 - 3*t. Suppose -6*z = 17 - 59. What is the remainder when d(z) is divided by 22?
20
Suppose -4*o + v + 271 = 0, 4*o + 4*v - 331 + 75 = 0. What is the remainder when 1270 is divided by o?
64
Let k(p) = -219*p**3 - 2*p**2 - 5*p - 1. Calculate the remainder when k(-1) is divided by 14.
11
Suppose -3*y - 2 = 1. Let b = y + 5. Calculate the remainder when b/(-6)*(-1 - 20) is divided by 5.
4
Suppose -2*m + 4*v - 8*v + 54 = 0, 4*m - 68 = 2*v. Let o = m - -25. What is the remainder when o is divided by 13?
5
Let v = -2645 - -1070. What is the remainder when (-9)/24 + v/(-40) is divided by 20?
19
Let a = -32 - -43. Let m(v) = -2*v + 18. What is the remainder when m(-6) is divided by a?
8
Let a(c) = 2*c**3 - 13*c**2 + 2*c - 31. Calculate the remainder when 118 is divided by a(7).
22
Let l(o) = -74*o**3 + 3*o**2 + 7*o + 5. Calculate the remainder when l(-1) is divided by 20.
15
Suppose 4*w + c = 1003, 4*w + 3*c - 479 = 522. What is the remainder when w is divided by 16?
11
Let m(p) = 73*p**2 + 8*p - 8. What is the remainder when m(1) is divided by 4*(-5)/(40/(-38))?
16
Suppose -5*a - 5*v = -465, 4 = -v + 8. Calculate the remainder when 245 is divided by a.
67
Suppose -3*h = 3*m + m - 503, h - 5*m - 136 = 0. What is the remainder when h is divided by 4?
1
Suppose 0 = 5*x - 138 + 63. Calculate the remainder when 202 is divided by x.
7
Let n be 2/5 - 4/10. Suppose q + 4*r = -r + 31, -3*r + 15 = n. Suppose -89 = -11*c + 21. Calculate the remainder when c is divided by q.
4
Suppose 4*r + 77 = -5*g - 1, 3*r = -5*g - 81. Let j(k) = -k**2 - 21*k - 17. What is the remainder when j(g) is divided by (10*1)/((-2)/(-4))?
17
Suppose -30*g + 32*g - 30 = 0. Suppose f - 10 = g. What is the remainder when 88 is divided by f?
13
Calculate the remainder when 23 is divided by (-539)/(-33) - 6/(-9).
6
Calculate the remainder when 19 is divided by -1 - 6/(-3)*2.
1
Let a = 21 + -18. Suppose 4*g - 6 - 6 = -3*h, 3*h = -3*g + 12. Calculate the remainder when a/((-1)/(-3 - 2)) is divided by h.
3
Calculate the remainder when 2/6 - (-2)/(18/1671) is divided by 27.
24
Suppose -1058 = -6*i + 628. What is the remainder when i is divided by 58?
49
Suppose -5*p + 1 + 7 = -2*r, p = r + 1. Let w be ((-4 - r)/(-1))/1. What is the remainder when 21 is divided by 0/2 + 7 + w?
9
Let a = -4 - -7. Let r be -1 + 88 + (-9)/a. Let d = -17 + r. What is the remainder when d is divided by 14?
11
What is the remainder when 117 is divided by 10 + (-9)/(90/70)?
0
Let n(p) = p**3 - 8*p**2 - 1. Let i be n(8). Calculate the remainder when 18 is divided by 1/(8/(-12) - (i + 0)).
0
Let r(t) be the second derivative of t**5/20 + 3*t**4/4 + 5*t**3/6 + 7*t**2/2 + 8*t. Calculate the remainder when r(-7) is divided by 24.
22
Let b = -31 + 38. Suppose -h + b = -4. What is the remainder when 27 is divided by h?
5
Let x(g) = -g + 7. Let b be x(3). What is the remainder when 68 is divided by -3 - (-3 + b) - -39?
33
Suppose -5*w + 211 = t, 4*t + 70 = 4*w - 118. What is the remainder when 126 is divided by w?
40
Let h = -176 + 227. What is the remainder when 98 is divided by h?
47
Suppose d = -7 - 5. Let z = 15 + d. Suppose -z*t + 3*v + 81 = 0, -t + 2*v = 6*v - 12. What is the remainder when 93 is divided by t?
21
Let k(f) = f**2 - 2*f + 23. Calculate the remainder when k(-9) is divided by 35.
17
Let p(a) = -2*a - 10. Let u be p(-3). Calculate the remainder when 25 is divided by 10 + (15/u - (-3)/4).
4
Let i(q) = -q**2 - 7*q - 4. Let x be i(-5). Suppose 24 = 2*g + x. Suppose 4*b - 38 - 26 = 0. What is the remainder when b is divided by g?
7
What is the remainder when 3/(-2)*(-7 + 20030/(-30)) is divided by 78?
76
Suppose -3*o = -4*i - 343, -5*o - 3*i = -4*i - 549. Let f = -68 + o. Calculate the remainder when f is divided by 11.
8
Calculate the remainder when 2 + (4 - 1) + (20 - -297) is divided by 19.
18
Suppose -6*g + 99021 = 33*g. What is the remainder when g is divided by 31?
28
Let o = -74 + 77. Suppose -115 = -7*z - o. Let l(k) = -2*k**3 - 4*k**2 - 3*k. What is the remainder when z is divided by l(-2)?
4
Let o = 1139 - 1038. What is the remainder when 218 is divided by o?
16
Suppose 2*f + 2*c = 212 + 52, -c - 5 = 0. Calculate the remainder when f is divided by 126.
11
Let n = -29 - -77. Calculate the remainder when 287 is divided by n.
47
Let l(x) = -x**3 - 3*x**2 - 6*x - 9. Calculate the remainder when 32 + -2*2/(-4) is divided by l(-3).
6
Suppose -2*z - 5*z = 0. Calculate the remainder when z + -1 - 51/(-1) is divided by 26.
24
Suppose -15*o + 19372 = -8663. What is the remainder when o is divided by 117?
114
Let w = 11 - 23. Let h = 186 + -181. What is the remainder when h is divided by ((-1)/(-3))/((-1)/w)?
1
Let f(k) = 76*k + 49. Calculate the remainder when f(10) is divided by 54.
53
Suppose -4*b - 10 = b. What is the remainder when 76 + -3 + 6 + b is divided by 27?
23
Let g = 23 - 25. What is the remainder when 51 is divided by g*(38/(-4) - -4)?
7
Suppose 3*o - 120 = 3*u, -5*o + 2*u + 212 = -0*u. Suppose 4*v - 5*p = 48 + 49, 3*v - o = -2*p. Let b = v - -1. What is the remainder when 73 is divided by b?
16
Let g(v) = 11*v**2 - 26*v + 36. Calculate the remainder when g(7) is divided by 36.
33
Let f be (-3)/2 - (-9)/6. Suppose f = 5*c + 6 - 26. What is the remainder when -4 - -3 - -1*7 is divided by c?
2
Suppose 0 = -v + 59 + 9. Let l = 162 - v. What is the remainder when l is divided by 24?
22
Suppose 7*b - 42 - 21 = 0. Suppose -12*h + 90 = -b*h. Let u = 208 - 90. Calculate the remainder when u is divided by h.
28
Calculate the remainder when 43 is divided by (-247)/(-11) - 30/(-55).
20
Let l = -10 - -14. Suppose -k = -3*z - 97 + 7, k - 95 = l*z. What is the remainder when k is divided by 13?
10
Let y = -18 - -26. What is the remainder when 147 is divided by (-13 + y)*3*-2?
27
Let x(c) be the first derivative of -c**4/4 - 14*c**3/3 + 13*c**2/2 - 12*c + 20. Calculate the remainder when 122 is divided by x(-15).
14
Suppose -o + 2*o = 0. Suppose -4 = -4*v - 0*v. What is the remainder when v is divided by 0 - o - (-1)/1?
0
Let u = 2267 + -2250. What is the remainder when 657 is divided by u?
11
Let f be (0/(-3))/((-2)/4*4). Suppose -2*a - 5*n = -8, -n = -2*a + 6*a + 2. What is the remainder when a/1 + f - -23 is divided by 6?
4
Suppose -3*k = 4*f - 184, 5*k = 2*f - 72 - 46. Calculate the remainder when ((-60)/(-48))/(1/116) is divided by f.
47
Let v be (-56)/1*3/(-6). Suppose -5*o + v = -3*o. Calculate the remainder when 69 is divided by o.
13
Let t be (4/(-2))/(2/(-60)*2). Suppose t = z - 2*g, 2*g = -4*z - 20 + 170. What is the remainder when z is divided by 13?
10
Suppose 0 = -4*p + 20*p - 368. Let i = 34 - -11. What is the remainder when i is divided by p?
22
Let o(v) = -2*v**2 - 15*v - 9. Let l be o(-8). Let q = 20 + l. Calculate the remainder when -1*33*(-1)/3 is divided by q.
2
Let f be 59 - (3 - 7)/(-1). Suppose -i + f = 4*i. What is the remainder when i is divided by 4?
3
Let p be (-1 + 4)/(3/(-8)). Let o(l) = l**3 + 8*l**2 - l - 11. Let j be o(p). What is the remainder when 6 is